{"id":5374,"date":"2022-09-05T20:06:06","date_gmt":"2022-09-05T20:06:06","guid":{"rendered":"https:\/\/ruralrafaela.com.ar\/exporural2022\/?page_id=5374"},"modified":"2022-11-17T19:14:41","modified_gmt":"2022-11-17T19:14:41","slug":"el-campo-va-a-la-ciudad","status":"publish","type":"page","link":"https:\/\/ruralrafaela.com.ar\/exporural2022\/el-campo-va-a-la-ciudad\/","title":{"rendered":"El campo va a la ciudad"},"content":{"rendered":"\n<p style=\"font-size:24px\"><strong>Proyecto de articulaci\u00f3n<\/strong><\/p>\n\n\n\n<p><strong>Sociedad Rural de Rafaela<\/strong>, Grupo GAMA y Escuelas primarias de la ciudad de Rafaela.<\/p>\n\n\n\n<p>Acompa\u00f1a: <strong>Ministerio de Producci\u00f3n, Ciencia y Tecnolog\u00eda<\/strong><\/p>\n\n\n\n<figure class=\"wp-block-image size-large\"><img fetchpriority=\"high\" decoding=\"async\" width=\"1024\" height=\"577\" src=\"https:\/\/ruralrafaela.com.ar\/exporural2022\/wp-content\/uploads\/sites\/17\/2022\/11\/20220913_145949-1024x577.jpg\" alt=\"\" class=\"wp-image-6161\" srcset=\"https:\/\/ruralrafaela.com.ar\/exporural2022\/wp-content\/uploads\/sites\/17\/2022\/11\/20220913_145949-1024x577.jpg 1024w, https:\/\/ruralrafaela.com.ar\/exporural2022\/wp-content\/uploads\/sites\/17\/2022\/11\/20220913_145949-300x169.jpg 300w, https:\/\/ruralrafaela.com.ar\/exporural2022\/wp-content\/uploads\/sites\/17\/2022\/11\/20220913_145949-768x432.jpg 768w, https:\/\/ruralrafaela.com.ar\/exporural2022\/wp-content\/uploads\/sites\/17\/2022\/11\/20220913_145949-1536x865.jpg 1536w, https:\/\/ruralrafaela.com.ar\/exporural2022\/wp-content\/uploads\/sites\/17\/2022\/11\/20220913_145949-2048x1153.jpg 2048w, https:\/\/ruralrafaela.com.ar\/exporural2022\/wp-content\/uploads\/sites\/17\/2022\/11\/20220913_145949-800x450.jpg 800w\" sizes=\"(max-width: 1024px) 100vw, 1024px\" \/><\/figure>\n\n\n\n<p class=\"has-medium-font-size\"><strong>Fundamentaci\u00f3n<\/strong><\/p>\n\n\n\n<ul class=\"wp-block-list\">\n<li>La propuesta generada desde la Sociedad Rural de Rafaela (desde la subcomisi\u00f3n de mujeres G.A.M.A) pretende construir un nuevo enfoque del concepto de \u201c<strong>ruralidad\u201d,<\/strong> basado en una renovada visi\u00f3n de lo rural, de la relaci\u00f3n entre lo rural y lo urbano, y, principalmente en &nbsp;una perspectiva desde el &nbsp;<strong>desarrollo agropecuario regional<\/strong>.<\/li>\n<\/ul>\n\n\n\n<ul class=\"wp-block-list\">\n<li>Las visitas a los establecimientos agropecuarios tienen un valor educativo, did\u00e1ctico y social, que les permite a los educandos ser part\u00edcipes, de manera intuitiva y motivadora, al conocer una situaci\u00f3n particular y trasladar luego su experiencia a tareas a\u00falicas.<\/li>\n<\/ul>\n\n\n\n<ul class=\"wp-block-list\">\n<li>La propuesta de visitar un establecimiento dedicado a la <strong>producci\u00f3n l\u00e1ctea<\/strong>, por parte de alumnos de 5\u00b0 grado, se entiende como un instrumento que ayuda a conocer y reconocer su entorno y relacionar los contenidos curriculares con un tipo de producci\u00f3n rural primaria muy cercano a su lugar de residencia.<\/li>\n<\/ul>\n\n\n\n<ul class=\"wp-block-list\">\n<li>Se procura que puedan apreciar c\u00f3mo es el proceso de obtenci\u00f3n de la materia prima \u201cleche\u201d, alimento de gran valor en la dieta de las personas.<\/li>\n<\/ul>\n\n\n\n<ul class=\"wp-block-list\">\n<li>Los estudiantes &nbsp;tienen la oportunidad de conocer las etapas del proceso de obtenci\u00f3n de la materia prima, recorrer las instalaciones, reconocer t\u00e9cnicas de orde\u00f1e y conservaci\u00f3n de la leche para su posterior comercializaci\u00f3n.<\/li>\n<\/ul>\n\n\n\n<ul class=\"wp-block-list\">\n<li>Adem\u00e1s observar\u00e1n otras actividades productivas del sector, visitar\u00e1n espacios que dependen o no de la actividad primaria y en relaci\u00f3n directa con la producci\u00f3n de bienes e<\/li>\n<\/ul>\n\n\n\n<ul class=\"wp-block-list\">\n<li>insumos agropecuarios, como as\u00ed tambi\u00e9n van a interiorizarse acerca de la preservaci\u00f3n de los recursos naturales y el tratamiento de residuos.<\/li>\n\n\n\n<li><\/li>\n\n\n\n<li>O<strong>bjetivos<\/strong><\/li>\n<\/ul>\n\n\n\n<ul class=\"wp-block-list\">\n<li>Conocer un establecimiento agropecuario dedicado a la producci\u00f3n l\u00e1ctea.<\/li>\n\n\n\n<li>Describir el proceso productivo teniendo en cuenta a los actores sociales implicados, las materias primas, los insumos y las tecnolog\u00edas utilizadas.<\/li>\n\n\n\n<li>Establecer relaciones entre la materia prima obtenida y las necesidades alimenticias de las personas.<\/li>\n\n\n\n<li>Utilizar t\u00e9cnicas de registro de informaci\u00f3n.<\/li>\n\n\n\n<li>Ser responsables y valorar el trabajo en equipo.<\/li>\n\n\n\n<li>Ser creativos en la confecci\u00f3n del informe final.<\/li>\n<\/ul>\n\n\n\n<p class=\"has-medium-font-size\"><strong>Actividades<\/strong><\/p>\n\n\n<div class=\"wp-block-image\">\n<figure class=\"alignleft size-large is-resized\"><img decoding=\"async\" src=\"https:\/\/ruralrafaela.com.ar\/exporural2022\/wp-content\/uploads\/sites\/17\/2022\/11\/IMG-20220914-WA0054-1024x768.jpg\" alt=\"\" class=\"wp-image-6173\" width=\"248\" height=\"187\" srcset=\"https:\/\/ruralrafaela.com.ar\/exporural2022\/wp-content\/uploads\/sites\/17\/2022\/11\/IMG-20220914-WA0054-1024x768.jpg 1024w, https:\/\/ruralrafaela.com.ar\/exporural2022\/wp-content\/uploads\/sites\/17\/2022\/11\/IMG-20220914-WA0054-300x225.jpg 300w, https:\/\/ruralrafaela.com.ar\/exporural2022\/wp-content\/uploads\/sites\/17\/2022\/11\/IMG-20220914-WA0054-768x576.jpg 768w, https:\/\/ruralrafaela.com.ar\/exporural2022\/wp-content\/uploads\/sites\/17\/2022\/11\/IMG-20220914-WA0054-1536x1152.jpg 1536w, https:\/\/ruralrafaela.com.ar\/exporural2022\/wp-content\/uploads\/sites\/17\/2022\/11\/IMG-20220914-WA0054.jpg 1600w\" sizes=\"(max-width: 248px) 100vw, 248px\" \/><\/figure>\n<\/div>\n\n\n<figure class=\"wp-block-gallery has-nested-images columns-default is-cropped wp-block-gallery-1 is-layout-flex wp-block-gallery-is-layout-flex\">\n<figure class=\"wp-block-image size-large\"><img decoding=\"async\" width=\"1024\" height=\"577\" data-id=\"6175\" src=\"https:\/\/ruralrafaela.com.ar\/exporural2022\/wp-content\/uploads\/sites\/17\/2022\/11\/20220913_144533-2-1024x577.jpg\" alt=\"\" class=\"wp-image-6175\" srcset=\"https:\/\/ruralrafaela.com.ar\/exporural2022\/wp-content\/uploads\/sites\/17\/2022\/11\/20220913_144533-2-1024x577.jpg 1024w, https:\/\/ruralrafaela.com.ar\/exporural2022\/wp-content\/uploads\/sites\/17\/2022\/11\/20220913_144533-2-300x169.jpg 300w, https:\/\/ruralrafaela.com.ar\/exporural2022\/wp-content\/uploads\/sites\/17\/2022\/11\/20220913_144533-2-768x432.jpg 768w, https:\/\/ruralrafaela.com.ar\/exporural2022\/wp-content\/uploads\/sites\/17\/2022\/11\/20220913_144533-2-1536x865.jpg 1536w, https:\/\/ruralrafaela.com.ar\/exporural2022\/wp-content\/uploads\/sites\/17\/2022\/11\/20220913_144533-2-2048x1153.jpg 2048w, https:\/\/ruralrafaela.com.ar\/exporural2022\/wp-content\/uploads\/sites\/17\/2022\/11\/20220913_144533-2-800x450.jpg 800w\" sizes=\"(max-width: 1024px) 100vw, 1024px\" \/><\/figure>\n\n\n\n<figure class=\"wp-block-image size-large\"><img loading=\"lazy\" decoding=\"async\" width=\"1024\" height=\"577\" data-id=\"6174\" src=\"https:\/\/ruralrafaela.com.ar\/exporural2022\/wp-content\/uploads\/sites\/17\/2022\/11\/20220913_162025-1-1024x577.jpg\" alt=\"\" class=\"wp-image-6174\" srcset=\"https:\/\/ruralrafaela.com.ar\/exporural2022\/wp-content\/uploads\/sites\/17\/2022\/11\/20220913_162025-1-1024x577.jpg 1024w, https:\/\/ruralrafaela.com.ar\/exporural2022\/wp-content\/uploads\/sites\/17\/2022\/11\/20220913_162025-1-300x169.jpg 300w, https:\/\/ruralrafaela.com.ar\/exporural2022\/wp-content\/uploads\/sites\/17\/2022\/11\/20220913_162025-1-768x432.jpg 768w, https:\/\/ruralrafaela.com.ar\/exporural2022\/wp-content\/uploads\/sites\/17\/2022\/11\/20220913_162025-1-1536x865.jpg 1536w, https:\/\/ruralrafaela.com.ar\/exporural2022\/wp-content\/uploads\/sites\/17\/2022\/11\/20220913_162025-1-2048x1153.jpg 2048w, https:\/\/ruralrafaela.com.ar\/exporural2022\/wp-content\/uploads\/sites\/17\/2022\/11\/20220913_162025-1-800x450.jpg 800w\" sizes=\"(max-width: 1024px) 100vw, 1024px\" \/><\/figure>\n<\/figure>\n\n\n\n<ul class=\"wp-block-list\">\n<li>El trabajo con los estudiantes consta de las siguientes etapas:<\/li>\n<\/ul>\n\n\n\n<ul class=\"wp-block-list\">\n<li><strong><u>Actividad previa<\/u><\/strong>: antes de la visita los alumnos recibir\u00e1n informaci\u00f3n sobre el establecimiento que visitar\u00e1n y los objetivos propuestos.\n<ul class=\"wp-block-list\">\n<li><strong><u>Durante la visita<\/u><\/strong>: podr\u00e1n conocer las instalaciones de orde\u00f1e, el manejo de los animales, el proceso de alimentaci\u00f3n y actividades complementarias que se desarrollan en la explotaci\u00f3n rural.<\/li>\n\n\n\n<li><strong><u>Actividad de cierre<\/u><\/strong>: en el establecimiento escolar los alumnos expresar\u00e1n a trav\u00e9s de producciones art\u00edsticas (dibujos \u2013 maquetas \u2013 collages- textos ilustrativos, etc.) los resultados y conclusiones de la actividad de campo realizada.<\/li>\n\n\n\n<li><strong><u>Exposici\u00f3n de trabajos<\/u><\/strong>: en el marco de la realizaci\u00f3n de la <em>\u201c115 Expo Rural<\/em> <em>2022\u201d<\/em>, expondr\u00e1n las producciones de cierre realizadas por los alumnos.<\/li>\n<\/ul>\n<\/li>\n<\/ul>\n\n\n\n<ul class=\"wp-block-list\">\n<li>Se permite el uso del tel\u00e9fono m\u00f3vil para hacer fotograf\u00edas y documentar la visita, como asimismo recolectar material para realizar la actividad de cierre.<\/li>\n<\/ul>\n\n\n\n<p class=\"has-medium-font-size\"><strong>Visitas programadas<\/strong><\/p>\n\n\n\n<figure class=\"wp-block-gallery has-nested-images columns-default is-cropped wp-block-gallery-2 is-layout-flex wp-block-gallery-is-layout-flex\"><\/figure>\n\n\n\n<p>Establecimiento agropecuario donde se realizar\u00e1 la actividad: <strong>\u201cEDA \u2013 CATA\u201d<\/strong> de Belinde Hnos. Distrito Rafaela.<\/p>\n\n\n\n<figure class=\"wp-block-image size-full\"><img loading=\"lazy\" decoding=\"async\" width=\"284\" height=\"346\" src=\"https:\/\/ruralrafaela.com.ar\/exporural2022\/wp-content\/uploads\/sites\/17\/2022\/09\/eda.jpg\" alt=\"\" class=\"wp-image-5596\" srcset=\"https:\/\/ruralrafaela.com.ar\/exporural2022\/wp-content\/uploads\/sites\/17\/2022\/09\/eda.jpg 284w, https:\/\/ruralrafaela.com.ar\/exporural2022\/wp-content\/uploads\/sites\/17\/2022\/09\/eda-246x300.jpg 246w\" sizes=\"(max-width: 284px) 100vw, 284px\" \/><\/figure>\n\n\n\n<p class=\"has-medium-font-size\"><strong>Establecimientos escolares incluidos en esta etapa<\/strong><\/p>\n\n\n\n<p>Fecha: <strong>13 \u2013 09 -22.<\/strong><\/p>\n\n\n\n<p><strong>Escuela N\u00b0 482 \u201cManuel Belgrano<\/strong>\u201d<\/p>\n\n\n\n<p>Fecha: <strong>14 \u2013 09 -22<\/strong><\/p>\n\n\n\n<p><strong>Escuela N\u00b0 1136 \u201cPaul Harris\u201d<\/strong><\/p>\n\n\n\n<p>Fecha: <strong>27 \u2013 09 -22<\/strong><\/p>\n\n\n\n<p><strong>Escuela N\u00b0 851 \u201c\u00c1ngela de la Casa\u201d<\/strong><\/p>\n\n\n\n<p class=\"has-medium-font-size\"><strong>Horarios<\/strong><\/p>\n\n\n\n<p>Las visitas al establecimiento agropecuario se realizan en el turno tarde, desde las 14:00 a las 16:00.<\/p>\n\n\n\n<p>Oportunamente con cada establecimiento escolar se fijar\u00e1 el horario de salida.<\/p>\n\n\n\n<p class=\"has-medium-font-size\"><\/p>\n\n\n<div class=\"wp-block-image\">\n<figure class=\"aligncenter size-large is-resized\"><img loading=\"lazy\" decoding=\"async\" src=\"https:\/\/ruralrafaela.com.ar\/exporural2022\/wp-content\/uploads\/sites\/17\/2022\/11\/20220913_140850-1-1024x577.jpg\" alt=\"\" class=\"wp-image-6167\" width=\"551\" height=\"310\" srcset=\"https:\/\/ruralrafaela.com.ar\/exporural2022\/wp-content\/uploads\/sites\/17\/2022\/11\/20220913_140850-1-1024x577.jpg 1024w, https:\/\/ruralrafaela.com.ar\/exporural2022\/wp-content\/uploads\/sites\/17\/2022\/11\/20220913_140850-1-300x169.jpg 300w, https:\/\/ruralrafaela.com.ar\/exporural2022\/wp-content\/uploads\/sites\/17\/2022\/11\/20220913_140850-1-768x432.jpg 768w, https:\/\/ruralrafaela.com.ar\/exporural2022\/wp-content\/uploads\/sites\/17\/2022\/11\/20220913_140850-1-1536x865.jpg 1536w, https:\/\/ruralrafaela.com.ar\/exporural2022\/wp-content\/uploads\/sites\/17\/2022\/11\/20220913_140850-1-2048x1153.jpg 2048w, https:\/\/ruralrafaela.com.ar\/exporural2022\/wp-content\/uploads\/sites\/17\/2022\/11\/20220913_140850-1-800x450.jpg 800w\" sizes=\"(max-width: 551px) 100vw, 551px\" \/><\/figure>\n<\/div>","protected":false},"excerpt":{"rendered":"<p>Proyecto de articulaci\u00f3n Sociedad Rural de Rafaela, Grupo GAMA y Escuelas primarias de la ciudad de Rafaela. Acompa\u00f1a: Ministerio de Producci\u00f3n, Ciencia y Tecnolog\u00eda Fundamentaci\u00f3n Actividades Visitas programadas Establecimiento agropecuario donde se realizar\u00e1 la actividad: \u201cEDA \u2013 CATA\u201d de Belinde Hnos. Distrito Rafaela. Establecimientos escolares incluidos en esta etapa Fecha: 13 \u2013 09 -22. Escuela [&hellip;]<\/p>\n","protected":false},"author":2,"featured_media":0,"parent":0,"menu_order":0,"comment_status":"closed","ping_status":"closed","template":"","meta":{"ocean_post_layout":"","ocean_both_sidebars_style":"","ocean_both_sidebars_content_width":0,"ocean_both_sidebars_sidebars_width":0,"ocean_sidebar":"0","ocean_second_sidebar":"0","ocean_disable_margins":"enable","ocean_add_body_class":"","ocean_shortcode_before_top_bar":"","ocean_shortcode_after_top_bar":"","ocean_shortcode_before_header":"","ocean_shortcode_after_header":"","ocean_has_shortcode":"","ocean_shortcode_after_title":"","ocean_shortcode_before_footer_widgets":"","ocean_shortcode_after_footer_widgets":"","ocean_shortcode_before_footer_bottom":"","ocean_shortcode_after_footer_bottom":"","ocean_display_top_bar":"default","ocean_display_header":"default","ocean_header_style":"","ocean_center_header_left_menu":"0","ocean_custom_header_template":"0","ocean_custom_logo":0,"ocean_custom_retina_logo":0,"ocean_custom_logo_max_width":0,"ocean_custom_logo_tablet_max_width":0,"ocean_custom_logo_mobile_max_width":0,"ocean_custom_logo_max_height":0,"ocean_custom_logo_tablet_max_height":0,"ocean_custom_logo_mobile_max_height":0,"ocean_header_custom_menu":"0","ocean_menu_typo_font_family":"0","ocean_menu_typo_font_subset":"","ocean_menu_typo_font_size":0,"ocean_menu_typo_font_size_tablet":0,"ocean_menu_typo_font_size_mobile":0,"ocean_menu_typo_font_size_unit":"px","ocean_menu_typo_font_weight":"","ocean_menu_typo_font_weight_tablet":"","ocean_menu_typo_font_weight_mobile":"","ocean_menu_typo_transform":"","ocean_menu_typo_transform_tablet":"","ocean_menu_typo_transform_mobile":"","ocean_menu_typo_line_height":0,"ocean_menu_typo_line_height_tablet":0,"ocean_menu_typo_line_height_mobile":0,"ocean_menu_typo_line_height_unit":"","ocean_menu_typo_spacing":0,"ocean_menu_typo_spacing_tablet":0,"ocean_menu_typo_spacing_mobile":0,"ocean_menu_typo_spacing_unit":"","ocean_menu_link_color":"","ocean_menu_link_color_hover":"","ocean_menu_link_color_active":"","ocean_menu_link_background":"","ocean_menu_link_hover_background":"","ocean_menu_link_active_background":"","ocean_menu_social_links_bg":"","ocean_menu_social_hover_links_bg":"","ocean_menu_social_links_color":"","ocean_menu_social_hover_links_color":"","ocean_disable_title":"default","ocean_disable_heading":"default","ocean_post_title":"","ocean_post_subheading":"","ocean_post_title_style":"background-image","ocean_post_title_background_color":"","ocean_post_title_background":5598,"ocean_post_title_bg_image_position":"","ocean_post_title_bg_image_attachment":"","ocean_post_title_bg_image_repeat":"","ocean_post_title_bg_image_size":"","ocean_post_title_height":0,"ocean_post_title_bg_overlay":0.5,"ocean_post_title_bg_overlay_color":"","ocean_disable_breadcrumbs":"default","ocean_breadcrumbs_color":"","ocean_breadcrumbs_separator_color":"","ocean_breadcrumbs_links_color":"","ocean_breadcrumbs_links_hover_color":"","ocean_display_footer_widgets":"default","ocean_display_footer_bottom":"default","ocean_custom_footer_template":"0","_joinchat":[],"footnotes":""},"class_list":["post-5374","page","type-page","status-publish","hentry","entry"],"yoast_head":"<!-- This site is optimized with the Yoast SEO plugin v27.5 - https:\/\/yoast.com\/product\/yoast-seo-wordpress\/ -->\n<title>El campo va a la ciudad - 115 Expo Rural Rafaela 2022<\/title>\n<meta name=\"robots\" content=\"index, follow, max-snippet:-1, max-image-preview:large, max-video-preview:-1\" \/>\n<link rel=\"canonical\" href=\"https:\/\/ruralrafaela.com.ar\/exporural2022\/el-campo-va-a-la-ciudad\/\" \/>\n<meta property=\"og:locale\" content=\"es_ES\" \/>\n<meta property=\"og:type\" content=\"article\" \/>\n<meta property=\"og:title\" content=\"El campo va a la ciudad - 115 Expo Rural Rafaela 2022\" \/>\n<meta property=\"og:description\" content=\"Proyecto de articulaci\u00f3n Sociedad Rural de Rafaela, Grupo GAMA y Escuelas primarias de la ciudad de Rafaela. Acompa\u00f1a: Ministerio de Producci\u00f3n, Ciencia y Tecnolog\u00eda Fundamentaci\u00f3n Actividades Visitas programadas Establecimiento agropecuario donde se realizar\u00e1 la actividad: \u201cEDA \u2013 CATA\u201d de Belinde Hnos. Distrito Rafaela. Establecimientos escolares incluidos en esta etapa Fecha: 13 \u2013 09 -22. Escuela [&hellip;]\" \/>\n<meta property=\"og:url\" content=\"https:\/\/ruralrafaela.com.ar\/exporural2022\/el-campo-va-a-la-ciudad\/\" \/>\n<meta property=\"og:site_name\" content=\"115 Expo Rural Rafaela 2022\" \/>\n<meta property=\"article:modified_time\" content=\"2022-11-17T19:14:41+00:00\" \/>\n<meta property=\"og:image\" content=\"https:\/\/ruralrafaela.com.ar\/exporural2022\/wp-content\/uploads\/sites\/17\/2022\/11\/20220913_145949-1024x577.jpg\" \/>\n<meta name=\"twitter:card\" content=\"summary_large_image\" \/>\n<meta name=\"twitter:label1\" content=\"Tiempo de lectura\" \/>\n\t<meta name=\"twitter:data1\" content=\"4 minutos\" \/>\n<script type=\"application\/ld+json\" class=\"yoast-schema-graph\">{\"@context\":\"https:\\\/\\\/schema.org\",\"@graph\":[{\"@type\":\"WebPage\",\"@id\":\"https:\\\/\\\/ruralrafaela.com.ar\\\/exporural2022\\\/el-campo-va-a-la-ciudad\\\/\",\"url\":\"https:\\\/\\\/ruralrafaela.com.ar\\\/exporural2022\\\/el-campo-va-a-la-ciudad\\\/\",\"name\":\"El campo va a la ciudad - 115 Expo Rural Rafaela 2022\",\"isPartOf\":{\"@id\":\"https:\\\/\\\/ruralrafaela.com.ar\\\/exporural2022\\\/#website\"},\"primaryImageOfPage\":{\"@id\":\"https:\\\/\\\/ruralrafaela.com.ar\\\/exporural2022\\\/el-campo-va-a-la-ciudad\\\/#primaryimage\"},\"image\":{\"@id\":\"https:\\\/\\\/ruralrafaela.com.ar\\\/exporural2022\\\/el-campo-va-a-la-ciudad\\\/#primaryimage\"},\"thumbnailUrl\":\"https:\\\/\\\/ruralrafaela.com.ar\\\/exporural2022\\\/wp-content\\\/uploads\\\/sites\\\/17\\\/2022\\\/11\\\/20220913_145949-1024x577.jpg\",\"datePublished\":\"2022-09-05T20:06:06+00:00\",\"dateModified\":\"2022-11-17T19:14:41+00:00\",\"breadcrumb\":{\"@id\":\"https:\\\/\\\/ruralrafaela.com.ar\\\/exporural2022\\\/el-campo-va-a-la-ciudad\\\/#breadcrumb\"},\"inLanguage\":\"es\",\"potentialAction\":[{\"@type\":\"ReadAction\",\"target\":[\"https:\\\/\\\/ruralrafaela.com.ar\\\/exporural2022\\\/el-campo-va-a-la-ciudad\\\/\"]}]},{\"@type\":\"ImageObject\",\"inLanguage\":\"es\",\"@id\":\"https:\\\/\\\/ruralrafaela.com.ar\\\/exporural2022\\\/el-campo-va-a-la-ciudad\\\/#primaryimage\",\"url\":\"https:\\\/\\\/ruralrafaela.com.ar\\\/exporural2022\\\/wp-content\\\/uploads\\\/sites\\\/17\\\/2022\\\/11\\\/20220913_145949-scaled.jpg\",\"contentUrl\":\"https:\\\/\\\/ruralrafaela.com.ar\\\/exporural2022\\\/wp-content\\\/uploads\\\/sites\\\/17\\\/2022\\\/11\\\/20220913_145949-scaled.jpg\",\"width\":2560,\"height\":1442},{\"@type\":\"BreadcrumbList\",\"@id\":\"https:\\\/\\\/ruralrafaela.com.ar\\\/exporural2022\\\/el-campo-va-a-la-ciudad\\\/#breadcrumb\",\"itemListElement\":[{\"@type\":\"ListItem\",\"position\":1,\"name\":\"Portada\",\"item\":\"https:\\\/\\\/ruralrafaela.com.ar\\\/exporural2022\\\/\"},{\"@type\":\"ListItem\",\"position\":2,\"name\":\"El campo va a la ciudad\"}]},{\"@type\":\"WebSite\",\"@id\":\"https:\\\/\\\/ruralrafaela.com.ar\\\/exporural2022\\\/#website\",\"url\":\"https:\\\/\\\/ruralrafaela.com.ar\\\/exporural2022\\\/\",\"name\":\"115 Expo Rural Rafaela 2022\",\"description\":\"Sitio oficial de la Expo Rural Rafaela\",\"publisher\":{\"@id\":\"https:\\\/\\\/ruralrafaela.com.ar\\\/exporural2022\\\/#organization\"},\"potentialAction\":[{\"@type\":\"SearchAction\",\"target\":{\"@type\":\"EntryPoint\",\"urlTemplate\":\"https:\\\/\\\/ruralrafaela.com.ar\\\/exporural2022\\\/?s={search_term_string}\"},\"query-input\":{\"@type\":\"PropertyValueSpecification\",\"valueRequired\":true,\"valueName\":\"search_term_string\"}}],\"inLanguage\":\"es\"},{\"@type\":\"Organization\",\"@id\":\"https:\\\/\\\/ruralrafaela.com.ar\\\/exporural2022\\\/#organization\",\"name\":\"115 Expo Rural Rafaela 2022\",\"url\":\"https:\\\/\\\/ruralrafaela.com.ar\\\/exporural2022\\\/\",\"logo\":{\"@type\":\"ImageObject\",\"inLanguage\":\"es\",\"@id\":\"https:\\\/\\\/ruralrafaela.com.ar\\\/exporural2022\\\/#\\\/schema\\\/logo\\\/image\\\/\",\"url\":\"https:\\\/\\\/ruralrafaela.com.ar\\\/exporural2022\\\/wp-content\\\/uploads\\\/sites\\\/17\\\/2022\\\/08\\\/logoexpo2022.jpg\",\"contentUrl\":\"https:\\\/\\\/ruralrafaela.com.ar\\\/exporural2022\\\/wp-content\\\/uploads\\\/sites\\\/17\\\/2022\\\/08\\\/logoexpo2022.jpg\",\"width\":350,\"height\":212,\"caption\":\"115 Expo Rural Rafaela 2022\"},\"image\":{\"@id\":\"https:\\\/\\\/ruralrafaela.com.ar\\\/exporural2022\\\/#\\\/schema\\\/logo\\\/image\\\/\"}}]}<\/script>\n<!-- \/ Yoast SEO plugin. -->","yoast_head_json":{"title":"El campo va a la ciudad - 115 Expo Rural Rafaela 2022","robots":{"index":"index","follow":"follow","max-snippet":"max-snippet:-1","max-image-preview":"max-image-preview:large","max-video-preview":"max-video-preview:-1"},"canonical":"https:\/\/ruralrafaela.com.ar\/exporural2022\/el-campo-va-a-la-ciudad\/","og_locale":"es_ES","og_type":"article","og_title":"El campo va a la ciudad - 115 Expo Rural Rafaela 2022","og_description":"Proyecto de articulaci\u00f3n Sociedad Rural de Rafaela, Grupo GAMA y Escuelas primarias de la ciudad de Rafaela. Acompa\u00f1a: Ministerio de Producci\u00f3n, Ciencia y Tecnolog\u00eda Fundamentaci\u00f3n Actividades Visitas programadas Establecimiento agropecuario donde se realizar\u00e1 la actividad: \u201cEDA \u2013 CATA\u201d de Belinde Hnos. Distrito Rafaela. Establecimientos escolares incluidos en esta etapa Fecha: 13 \u2013 09 -22. Escuela [&hellip;]","og_url":"https:\/\/ruralrafaela.com.ar\/exporural2022\/el-campo-va-a-la-ciudad\/","og_site_name":"115 Expo Rural Rafaela 2022","article_modified_time":"2022-11-17T19:14:41+00:00","og_image":[{"url":"https:\/\/ruralrafaela.com.ar\/exporural2022\/wp-content\/uploads\/sites\/17\/2022\/11\/20220913_145949-1024x577.jpg","type":"","width":"","height":""}],"twitter_card":"summary_large_image","twitter_misc":{"Tiempo de lectura":"4 minutos"},"schema":{"@context":"https:\/\/schema.org","@graph":[{"@type":"WebPage","@id":"https:\/\/ruralrafaela.com.ar\/exporural2022\/el-campo-va-a-la-ciudad\/","url":"https:\/\/ruralrafaela.com.ar\/exporural2022\/el-campo-va-a-la-ciudad\/","name":"El campo va a la ciudad - 115 Expo Rural Rafaela 2022","isPartOf":{"@id":"https:\/\/ruralrafaela.com.ar\/exporural2022\/#website"},"primaryImageOfPage":{"@id":"https:\/\/ruralrafaela.com.ar\/exporural2022\/el-campo-va-a-la-ciudad\/#primaryimage"},"image":{"@id":"https:\/\/ruralrafaela.com.ar\/exporural2022\/el-campo-va-a-la-ciudad\/#primaryimage"},"thumbnailUrl":"https:\/\/ruralrafaela.com.ar\/exporural2022\/wp-content\/uploads\/sites\/17\/2022\/11\/20220913_145949-1024x577.jpg","datePublished":"2022-09-05T20:06:06+00:00","dateModified":"2022-11-17T19:14:41+00:00","breadcrumb":{"@id":"https:\/\/ruralrafaela.com.ar\/exporural2022\/el-campo-va-a-la-ciudad\/#breadcrumb"},"inLanguage":"es","potentialAction":[{"@type":"ReadAction","target":["https:\/\/ruralrafaela.com.ar\/exporural2022\/el-campo-va-a-la-ciudad\/"]}]},{"@type":"ImageObject","inLanguage":"es","@id":"https:\/\/ruralrafaela.com.ar\/exporural2022\/el-campo-va-a-la-ciudad\/#primaryimage","url":"https:\/\/ruralrafaela.com.ar\/exporural2022\/wp-content\/uploads\/sites\/17\/2022\/11\/20220913_145949-scaled.jpg","contentUrl":"https:\/\/ruralrafaela.com.ar\/exporural2022\/wp-content\/uploads\/sites\/17\/2022\/11\/20220913_145949-scaled.jpg","width":2560,"height":1442},{"@type":"BreadcrumbList","@id":"https:\/\/ruralrafaela.com.ar\/exporural2022\/el-campo-va-a-la-ciudad\/#breadcrumb","itemListElement":[{"@type":"ListItem","position":1,"name":"Portada","item":"https:\/\/ruralrafaela.com.ar\/exporural2022\/"},{"@type":"ListItem","position":2,"name":"El campo va a la ciudad"}]},{"@type":"WebSite","@id":"https:\/\/ruralrafaela.com.ar\/exporural2022\/#website","url":"https:\/\/ruralrafaela.com.ar\/exporural2022\/","name":"115 Expo Rural Rafaela 2022","description":"Sitio oficial de la Expo Rural Rafaela","publisher":{"@id":"https:\/\/ruralrafaela.com.ar\/exporural2022\/#organization"},"potentialAction":[{"@type":"SearchAction","target":{"@type":"EntryPoint","urlTemplate":"https:\/\/ruralrafaela.com.ar\/exporural2022\/?s={search_term_string}"},"query-input":{"@type":"PropertyValueSpecification","valueRequired":true,"valueName":"search_term_string"}}],"inLanguage":"es"},{"@type":"Organization","@id":"https:\/\/ruralrafaela.com.ar\/exporural2022\/#organization","name":"115 Expo Rural Rafaela 2022","url":"https:\/\/ruralrafaela.com.ar\/exporural2022\/","logo":{"@type":"ImageObject","inLanguage":"es","@id":"https:\/\/ruralrafaela.com.ar\/exporural2022\/#\/schema\/logo\/image\/","url":"https:\/\/ruralrafaela.com.ar\/exporural2022\/wp-content\/uploads\/sites\/17\/2022\/08\/logoexpo2022.jpg","contentUrl":"https:\/\/ruralrafaela.com.ar\/exporural2022\/wp-content\/uploads\/sites\/17\/2022\/08\/logoexpo2022.jpg","width":350,"height":212,"caption":"115 Expo Rural Rafaela 2022"},"image":{"@id":"https:\/\/ruralrafaela.com.ar\/exporural2022\/#\/schema\/logo\/image\/"}}]}},"_links":{"self":[{"href":"https:\/\/ruralrafaela.com.ar\/exporural2022\/wp-json\/wp\/v2\/pages\/5374","targetHints":{"allow":["GET"]}}],"collection":[{"href":"https:\/\/ruralrafaela.com.ar\/exporural2022\/wp-json\/wp\/v2\/pages"}],"about":[{"href":"https:\/\/ruralrafaela.com.ar\/exporural2022\/wp-json\/wp\/v2\/types\/page"}],"author":[{"embeddable":true,"href":"https:\/\/ruralrafaela.com.ar\/exporural2022\/wp-json\/wp\/v2\/users\/2"}],"replies":[{"embeddable":true,"href":"https:\/\/ruralrafaela.com.ar\/exporural2022\/wp-json\/wp\/v2\/comments?post=5374"}],"version-history":[{"count":9,"href":"https:\/\/ruralrafaela.com.ar\/exporural2022\/wp-json\/wp\/v2\/pages\/5374\/revisions"}],"predecessor-version":[{"id":6178,"href":"https:\/\/ruralrafaela.com.ar\/exporural2022\/wp-json\/wp\/v2\/pages\/5374\/revisions\/6178"}],"wp:attachment":[{"href":"https:\/\/ruralrafaela.com.ar\/exporural2022\/wp-json\/wp\/v2\/media?parent=5374"}],"curies":[{"name":"wp","href":"https:\/\/api.w.org\/{rel}","templated":true}]}}